{"id":245,"date":"2025-10-04T17:22:20","date_gmt":"2025-10-04T20:22:20","guid":{"rendered":"https:\/\/www.censalins.g12.br\/?page_id=245"},"modified":"2025-10-05T22:05:44","modified_gmt":"2025-10-06T01:05:44","slug":"avaliacao","status":"publish","type":"page","link":"https:\/\/www.censalins.g12.br\/?page_id=245","title":{"rendered":"Avalia\u00e7\u00e3o"},"content":{"rendered":"\t\t<div data-elementor-type=\"wp-page\" data-elementor-id=\"245\" class=\"elementor elementor-245\" data-elementor-settings=\"{&quot;ha_cmc_init_switcher&quot;:&quot;no&quot;}\" data-elementor-post-type=\"page\">\n\t\t\t\t<div class=\"elementor-element elementor-element-28ce28a e-flex e-con-boxed e-con e-parent\" data-id=\"28ce28a\" data-element_type=\"container\" data-settings=\"{&quot;background_background&quot;:&quot;classic&quot;,&quot;_ha_eqh_enable&quot;:false}\">\n\t\t\t\t\t<div class=\"e-con-inner\">\n\t\t\t\t<div class=\"elementor-element elementor-element-3cb4082 elementor-align-center elementor-icon-list--layout-traditional elementor-list-item-link-full_width elementor-widget elementor-widget-icon-list\" data-id=\"3cb4082\" data-element_type=\"widget\" data-widget_type=\"icon-list.default\">\n\t\t\t\t\t\t\t<ul class=\"elementor-icon-list-items\">\n\t\t\t\t\t\t\t<li class=\"elementor-icon-list-item\">\n\t\t\t\t\t\t\t\t\t\t\t<span class=\"elementor-icon-list-icon\">\n\t\t\t\t\t\t\t<i aria-hidden=\"true\" class=\"huge huge-user-multiple\"><\/i>\t\t\t\t\t\t<\/span>\n\t\t\t\t\t\t\t\t\t\t<span class=\"elementor-icon-list-text\">Avalia\u00e7\u00e3o<\/span>\n\t\t\t\t\t\t\t\t\t<\/li>\n\t\t\t\t\t\t<\/ul>\n\t\t\t\t\t\t<\/div>\n\t\t\t\t<div class=\"elementor-element elementor-element-ebd703f elementor-widget elementor-widget-text-editor\" data-id=\"ebd703f\" data-element_type=\"widget\" data-widget_type=\"text-editor.default\">\n\t\t\t\t\t\t\t\t\t<p>Os alunos do 1\u00baano do Ensino Fundamental ser\u00e3o avaliados de maneira interdisciplinar, com os mesmos crit\u00e9rios utilizados na Educa\u00e7\u00e3o Infantil.<br \/>Os alunos do 2\u00ba ao 9\u00ba ano do Ensino Fundamental e os do Ensino M\u00e9dio ser\u00e3o avaliados de acordo com o que disp\u00f5e o Regimento Escolar do Entro Educacional \u201cNossa Senhora Auxiliadora\u201d.<br \/>A avalia\u00e7\u00e3o escolar compreender\u00e1 a avalia\u00e7\u00e3o do aproveitamento escolar e a apura\u00e7\u00e3o da freq\u00fc\u00eancia escolar.<\/p><p>As atividades escolares anuais ter\u00e3o valor m\u00e1ximo de 100 (cem) pontos distribu\u00eddos pelos tr\u00eas trimestres letivos conforme segue:<br \/>1\u00ba trimestre: de 0 a 25 pontos ( zero a vinte e cinco pontos)<br \/>2\u00ba trimestre: de 0 a 30 pontos (zero a trinta pontos)<br \/>3\u00ba trimestre: de 0 a 45 pontos (zero a quarenta e cinco pontos).<\/p><p>Durante o ano letivo o aluno obter\u00e1 pontos que ser\u00e3o acumulados, totalizando o m\u00e1ximo de 100 pontos ao final do ano letivo.<br \/>Ser\u00e1 considerado APROVADO ao final do ano letivo o aluno que obtiver um total de 60 (sessenta) pontos acumulados e o m\u00ednimo de 75% de freq\u00fc\u00eancia.<br \/>A Recupera\u00e7\u00e3o Paralela integra o pr\u00f3prio processo de trabalho dos educandos no dia a dia da sala de aula, no momento das discuss\u00f5es coletivas, da realiza\u00e7\u00e3o de tarefas em grupos ou individuais. Nestes momentos, o professor pode perceber se os educandos est\u00e3o ou n\u00e3o se aproximando dos conceitos e habilidades que considera importantes, localizar dificuldades e auxiliar para que elas sejam superadas atrav\u00e9s de interven\u00e7\u00e3o, questionamentos, complementando informa\u00e7\u00f5es, buscando novos caminhos que levem \u00e0 aprendizagem, realizando assim a recupera\u00e7\u00e3o de conte\u00fados.<br \/>Para finalizar o processo, o educando realiza em numa nova oportunidade, com data marcada e conte\u00fados m\u00ednimos previstos, uma avalia\u00e7\u00e3o escrita. O resultado dessa avalia\u00e7\u00e3o substituir\u00e1 a menor pontua\u00e7\u00e3o das avalia\u00e7\u00f5es que foram realizadas dentro do 60% da pontua\u00e7\u00e3o do trimestre.<br \/>O educando que n\u00e3o conseguir 60 pontos acumulados no final do ano letivo em at\u00e9 tr\u00eas componentes curriculares ser\u00e1 encaminhado a estudos de recupera\u00e7\u00e3o intensiva final.<br \/>A recupera\u00e7\u00e3o intensiva final constitui um per\u00edodo de aulas ministradas pelo professor do componente curricular sendo seu resultado avaliado na escala de 0 (zero) a 100 pontos.<\/p>\t\t\t\t\t\t\t\t<\/div>\n\t\t\t\t\t<\/div>\n\t\t\t\t<\/div>\n\t\t\t\t<\/div>\n\t\t","protected":false},"excerpt":{"rendered":"<p>Avalia\u00e7\u00e3o Os alunos do 1\u00baano do Ensino Fundamental ser\u00e3o avaliados de maneira interdisciplinar, com os mesmos crit\u00e9rios utilizados na Educa\u00e7\u00e3o Infantil.Os alunos do 2\u00ba ao 9\u00ba ano do Ensino Fundamental [&hellip;]<\/p>\n","protected":false},"author":1,"featured_media":0,"parent":0,"menu_order":0,"comment_status":"closed","ping_status":"closed","template":"elementor_header_footer","meta":{"footnotes":""},"folder":[],"class_list":["post-245","page","type-page","status-publish","hentry"],"_links":{"self":[{"href":"https:\/\/www.censalins.g12.br\/index.php?rest_route=\/wp\/v2\/pages\/245","targetHints":{"allow":["GET"]}}],"collection":[{"href":"https:\/\/www.censalins.g12.br\/index.php?rest_route=\/wp\/v2\/pages"}],"about":[{"href":"https:\/\/www.censalins.g12.br\/index.php?rest_route=\/wp\/v2\/types\/page"}],"author":[{"embeddable":true,"href":"https:\/\/www.censalins.g12.br\/index.php?rest_route=\/wp\/v2\/users\/1"}],"replies":[{"embeddable":true,"href":"https:\/\/www.censalins.g12.br\/index.php?rest_route=%2Fwp%2Fv2%2Fcomments&post=245"}],"version-history":[{"count":7,"href":"https:\/\/www.censalins.g12.br\/index.php?rest_route=\/wp\/v2\/pages\/245\/revisions"}],"predecessor-version":[{"id":378,"href":"https:\/\/www.censalins.g12.br\/index.php?rest_route=\/wp\/v2\/pages\/245\/revisions\/378"}],"wp:attachment":[{"href":"https:\/\/www.censalins.g12.br\/index.php?rest_route=%2Fwp%2Fv2%2Fmedia&parent=245"}],"wp:term":[{"taxonomy":"folder","embeddable":true,"href":"https:\/\/www.censalins.g12.br\/index.php?rest_route=%2Fwp%2Fv2%2Ffolder&post=245"}],"curies":[{"name":"wp","href":"https:\/\/api.w.org\/{rel}","templated":true}]}}

Avaliação

<div data-elementor-type="wp-page" data-elementor-id="245" class="elementor elementor-245" data-elementor-settings="{&quot;ha_cmc_init_switcher&quot;:&quot;no&quot;}" data-elementor-post-type="page">
				<div class="elementor-element elementor-element-28ce28a e-flex e-con-boxed e-con e-parent" data-id="28ce28a" data-element_type="container" data-settings="{&quot;background_background&quot;:&quot;classic&quot;,&quot;_ha_eqh_enable&quot;:false}">
					<div class="e-con-inner">
				<div class="elementor-element elementor-element-3cb4082 elementor-align-center elementor-icon-list--layout-traditional elementor-list-item-link-full_width elementor-widget elementor-widget-icon-list" data-id="3cb4082" data-element_type="widget" data-widget_type="icon-list.default">
							<ul class="elementor-icon-list-items">
							<li class="elementor-icon-list-item">
											<span class="elementor-icon-list-icon">
							<i aria-hidden="true" class="huge huge-user-multiple"></i>						</span>
										<span class="elementor-icon-list-text">Avaliação</span>
									</li>
						</ul>
						</div>
				<div class="elementor-element elementor-element-ebd703f elementor-widget elementor-widget-text-editor" data-id="ebd703f" data-element_type="widget" data-widget_type="text-editor.default">
									<p>Os alunos do 1ºano do Ensino Fundamental serão avaliados de maneira interdisciplinar, com os mesmos critérios utilizados na Educação Infantil.<br />Os alunos do 2º ao 9º ano do Ensino Fundamental e os do Ensino Médio serão avaliados de acordo com o que dispõe o Regimento Escolar do Entro Educacional “Nossa Senhora Auxiliadora”.<br />A avaliação escolar compreenderá a avaliação do aproveitamento escolar e a apuração da freqüência escolar.</p><p>As atividades escolares anuais terão valor máximo de 100 (cem) pontos distribuídos pelos três trimestres letivos conforme segue:<br />1º trimestre: de 0 a 25 pontos ( zero a vinte e cinco pontos)<br />2º trimestre: de 0 a 30 pontos (zero a trinta pontos)<br />3º trimestre: de 0 a 45 pontos (zero a quarenta e cinco pontos).</p><p>Durante o ano letivo o aluno obterá pontos que serão acumulados, totalizando o máximo de 100 pontos ao final do ano letivo.<br />Será considerado APROVADO ao final do ano letivo o aluno que obtiver um total de 60 (sessenta) pontos acumulados e o mínimo de 75% de freqüência.<br />A Recuperação Paralela integra o próprio processo de trabalho dos educandos no dia a dia da sala de aula, no momento das discussões coletivas, da realização de tarefas em grupos ou individuais. Nestes momentos, o professor pode perceber se os educandos estão ou não se aproximando dos conceitos e habilidades que considera importantes, localizar dificuldades e auxiliar para que elas sejam superadas através de intervenção, questionamentos, complementando informações, buscando novos caminhos que levem à aprendizagem, realizando assim a recuperação de conteúdos.<br />Para finalizar o processo, o educando realiza em numa nova oportunidade, com data marcada e conteúdos mínimos previstos, uma avaliação escrita. O resultado dessa avaliação substituirá a menor pontuação das avaliações que foram realizadas dentro do 60% da pontuação do trimestre.<br />O educando que não conseguir 60 pontos acumulados no final do ano letivo em até três componentes curriculares será encaminhado a estudos de recuperação intensiva final.<br />A recuperação intensiva final constitui um período de aulas ministradas pelo professor do componente curricular sendo seu resultado avaliado na escala de 0 (zero) a 100 pontos.</p>								</div>
					</div>
				</div>
				</div>

<p>Avaliação Os alunos do 1ºano do Ensino Fundamental serão avaliados de maneira interdisciplinar, com os mesmos critérios utilizados na Educação Infantil.Os alunos do 2º ao 9º ano do Ensino Fundamental [&hellip;]</p>
