{"id":346,"date":"2025-10-05T21:52:52","date_gmt":"2025-10-06T00:52:52","guid":{"rendered":"https:\/\/www.censalins.g12.br\/?page_id=346"},"modified":"2025-11-19T07:47:07","modified_gmt":"2025-11-19T10:47:07","slug":"ensino-fundamental","status":"publish","type":"page","link":"https:\/\/www.censalins.g12.br\/?page_id=346","title":{"rendered":"Ensino Fundamental"},"content":{"rendered":"\t\t<div data-elementor-type=\"wp-page\" data-elementor-id=\"346\" class=\"elementor elementor-346\" data-elementor-settings=\"{&quot;ha_cmc_init_switcher&quot;:&quot;no&quot;}\" data-elementor-post-type=\"page\">\n\t\t\t\t<div class=\"elementor-element elementor-element-820b2c2 e-flex e-con-boxed e-con e-parent\" data-id=\"820b2c2\" data-element_type=\"container\" data-settings=\"{&quot;background_background&quot;:&quot;classic&quot;,&quot;_ha_eqh_enable&quot;:false}\">\n\t\t\t\t\t<div class=\"e-con-inner\">\n\t\t\t\t<div class=\"elementor-element elementor-element-a570a72 elementor-align-center elementor-icon-list--layout-traditional elementor-list-item-link-full_width elementor-widget elementor-widget-icon-list\" data-id=\"a570a72\" data-element_type=\"widget\" data-widget_type=\"icon-list.default\">\n\t\t\t\t\t\t\t<ul class=\"elementor-icon-list-items\">\n\t\t\t\t\t\t\t<li class=\"elementor-icon-list-item\">\n\t\t\t\t\t\t\t\t\t\t\t<span class=\"elementor-icon-list-icon\">\n\t\t\t\t\t\t\t<i aria-hidden=\"true\" class=\"huge huge-user-multiple\"><\/i>\t\t\t\t\t\t<\/span>\n\t\t\t\t\t\t\t\t\t\t<span class=\"elementor-icon-list-text\">Ensino Fundamental<\/span>\n\t\t\t\t\t\t\t\t\t<\/li>\n\t\t\t\t\t\t<\/ul>\n\t\t\t\t\t\t<\/div>\n\t\t\t\t<div class=\"elementor-element elementor-element-79d2acb elementor-widget elementor-widget-text-editor\" data-id=\"79d2acb\" data-element_type=\"widget\" data-widget_type=\"text-editor.default\">\n\t\t\t\t\t\t\t\t\t<p><strong>Descobrindo potenciais<\/strong><\/p><p>Nessa etapa do aprendizado, o CENSA incentiva a descobrir e experimentar o h\u00e1bito do \u201cfazer e pensar sobre\u201d.<br \/>Os alunos vivem a Interdisciplinaridade e o trabalho cooperativo. Fortalecem os v\u00ednculos de fam\u00edlia, os la\u00e7os de solidariedade humana e de toler\u00e2ncia rec\u00edproca.<br \/>Os professores contribuem para que cada um encontre seu caminho, mostrando o poss\u00edvel e fazendo-o desejar o imposs\u00edvel.<\/p>\t\t\t\t\t\t\t\t<\/div>\n\t\t\t\t<div class=\"elementor-element elementor-element-7e2d214 elementor-widget elementor-widget-text-editor\" data-id=\"7e2d214\" data-element_type=\"widget\" data-widget_type=\"text-editor.default\">\n\t\t\t\t\t\t\t\t\t<p><strong>Possibilidades de aprendizagem<\/strong><\/p><p>O Ensino Fundamental do CENSA \u00e9 estruturado em dois segmentos e conta com o <strong data-start=\"404\" data-end=\"431\">SAS \u2013 Sistema Ari de S\u00e1<\/strong>, uma solu\u00e7\u00e3o educacional completa que integra conte\u00fado, tecnologia, forma\u00e7\u00e3o e avalia\u00e7\u00e3o para potencializar a aprendizagem dos estudantes.<\/p><p data-start=\"572\" data-end=\"610\"><strong data-start=\"576\" data-end=\"608\">Fundamental I (1\u00ba ao 5\u00ba ano)<\/strong><\/p><p data-start=\"611\" data-end=\"1172\">No Fundamental I, trabalhamos com materiais e plataformas do <strong data-start=\"672\" data-end=\"679\">SAS<\/strong>, que incentivam a curiosidade, o racioc\u00ednio l\u00f3gico e a constru\u00e7\u00e3o de conhecimentos de forma progressiva. As atividades s\u00e3o planejadas para desenvolver habilidades essenciais, promover a autonomia e estimular o estudante a observar, investigar e compreender o mundo ao seu redor.<br data-start=\"958\" data-end=\"961\" \/>A proposta favorece aprendizagens significativas por meio de recursos visuais, textos adequados \u00e0 faixa et\u00e1ria, sequ\u00eancias did\u00e1ticas bem estruturadas e ferramentas digitais que tornam o processo mais interativo.<\/p><p data-start=\"1174\" data-end=\"1213\"><strong data-start=\"1178\" data-end=\"1211\">Fundamental II (6\u00ba ao 9\u00ba ano)<\/strong><\/p><p data-start=\"1214\" data-end=\"1704\">No Fundamental II, o <strong data-start=\"1235\" data-end=\"1242\">SAS<\/strong> oferece um material robusto, totalmente alinhado \u00e0 BNCC, que aprofunda conte\u00fados, fortalece compet\u00eancias e amplia o repert\u00f3rio cient\u00edfico e cultural do aluno.<br data-start=\"1401\" data-end=\"1404\" \/>A proposta pedag\u00f3gica estimula o protagonismo, a capacidade de an\u00e1lise, a resolu\u00e7\u00e3o de problemas e o desenvolvimento de habilidades socioemocionais. As plataformas digitais do SAS complementam o processo, permitindo acompanhamento cont\u00ednuo, avalia\u00e7\u00f5es diagn\u00f3sticas e trilhas personalizadas de estudo.<\/p><p data-start=\"1711\" data-end=\"1780\"><strong data-start=\"1714\" data-end=\"1774\">O processo de ensino-aprendizagem \u00e9 din\u00e2mico e eficiente, com:<\/strong><\/p><ul data-start=\"1782\" data-end=\"2162\"><li data-start=\"1782\" data-end=\"1830\"><p data-start=\"1784\" data-end=\"1830\">Salas amplas, climatizadas e bem iluminadas;<\/p><\/li><li data-start=\"1831\" data-end=\"1870\"><p data-start=\"1833\" data-end=\"1870\">Mobili\u00e1rio adequado \u00e0 faixa et\u00e1ria;<\/p><\/li><li data-start=\"1871\" data-end=\"1924\"><p data-start=\"1873\" data-end=\"1924\">Ambientes espec\u00edficos para matem\u00e1tica e ci\u00eancias;<\/p><\/li><li data-start=\"1925\" data-end=\"1979\"><p data-start=\"1927\" data-end=\"1979\">Sala de inform\u00e1tica equipada com kits de rob\u00f3tica;<\/p><\/li><li data-start=\"1980\" data-end=\"2033\"><p data-start=\"1982\" data-end=\"2033\">Sala de audiovisual com lousa interativa digital;<\/p><\/li><li data-start=\"2034\" data-end=\"2162\"><p data-start=\"2036\" data-end=\"2162\">Ferramentas pedag\u00f3gicas e tecnol\u00f3gicas que potencializam os resultados e fortalecem o desenvolvimento integral dos estudantes.<\/p><\/li><\/ul><p>\u00a0<\/p><p><strong>Coordena\u00e7\u00e3o Pedag\u00f3gica do Ensino Fundamental I:<\/strong> Patricia Rodrigues<\/p><p><strong>Contato:<\/strong>\u00a0coordenaped15@censalins.g12.br<\/p><p><strong>Coord. Educativo Pastoral<\/strong>: Ir. Elizabeth Benevides<\/p><p><strong>Contato:<\/strong>\u00a0coordenaedu15@censalins.g12.br<\/p><p><strong>Coordena\u00e7\u00e3o Pedag\u00f3gica do Ensino Fundamental II:<\/strong> Daniela Burghetti<\/p><p><strong>Contato:<\/strong>\u00a0coordenaped69em@censalins.g12.br<\/p><p><strong>Coord. Educativo Pastoral:<\/strong> Helena Hitomi<\/p><p><strong>Contato:<\/strong>\u00a0coordenaedu69em@censalins.g12.br<\/p>\t\t\t\t\t\t\t\t<\/div>\n\t\t\t\t<div class=\"elementor-element elementor-element-3142355 elementor-arrows-position-inside elementor-pagination-position-outside elementor-widget elementor-widget-image-carousel\" data-id=\"3142355\" data-element_type=\"widget\" data-settings=\"{&quot;slides_to_show&quot;:&quot;7&quot;,&quot;navigation&quot;:&quot;both&quot;,&quot;autoplay&quot;:&quot;yes&quot;,&quot;pause_on_hover&quot;:&quot;yes&quot;,&quot;pause_on_interaction&quot;:&quot;yes&quot;,&quot;autoplay_speed&quot;:5000,&quot;infinite&quot;:&quot;yes&quot;,&quot;speed&quot;:500}\" data-widget_type=\"image-carousel.default\">\n\t\t\t\t\t\t\t<div class=\"elementor-image-carousel-wrapper swiper\" role=\"region\" aria-roledescription=\"carousel\" aria-label=\"Carrossel de imagens\" dir=\"ltr\">\n\t\t\t<div class=\"elementor-image-carousel swiper-wrapper\" aria-live=\"off\">\n\t\t\t\t\t\t\t\t<div class=\"swiper-slide\" role=\"group\" aria-roledescription=\"slide\" aria-label=\"1 de 10\"><figure class=\"swiper-slide-inner\"><img decoding=\"async\" class=\"swiper-slide-image\" src=\"https:\/\/www.censalins.g12.br\/wp-content\/uploads\/2025\/10\/thumb_163__edu-inf-04-1.jpg\" alt=\"thumb_163__edu-inf-04\" \/><\/figure><\/div><div class=\"swiper-slide\" role=\"group\" aria-roledescription=\"slide\" aria-label=\"2 de 10\"><figure class=\"swiper-slide-inner\"><img decoding=\"async\" class=\"swiper-slide-image\" src=\"https:\/\/www.censalins.g12.br\/wp-content\/uploads\/2025\/10\/thumb_163__edu-inf-05-1.jpg\" alt=\"thumb_163__edu-inf-05\" \/><\/figure><\/div><div class=\"swiper-slide\" role=\"group\" aria-roledescription=\"slide\" aria-label=\"3 de 10\"><figure class=\"swiper-slide-inner\"><img decoding=\"async\" class=\"swiper-slide-image\" src=\"https:\/\/www.censalins.g12.br\/wp-content\/uploads\/2025\/10\/thumb_163__edu-inf-06.jpg\" alt=\"thumb_163__edu-inf-06\" \/><\/figure><\/div><div class=\"swiper-slide\" role=\"group\" aria-roledescription=\"slide\" aria-label=\"4 de 10\"><figure class=\"swiper-slide-inner\"><img decoding=\"async\" class=\"swiper-slide-image\" src=\"https:\/\/www.censalins.g12.br\/wp-content\/uploads\/2025\/10\/thumb_163__edu-inf-07-1.jpg\" alt=\"thumb_163__edu-inf-07\" \/><\/figure><\/div><div class=\"swiper-slide\" role=\"group\" aria-roledescription=\"slide\" aria-label=\"5 de 10\"><figure class=\"swiper-slide-inner\"><img decoding=\"async\" class=\"swiper-slide-image\" src=\"https:\/\/www.censalins.g12.br\/wp-content\/uploads\/2025\/10\/thumb_163__edu-inf-08.jpg\" alt=\"thumb_163__edu-inf-08\" \/><\/figure><\/div><div class=\"swiper-slide\" role=\"group\" aria-roledescription=\"slide\" aria-label=\"6 de 10\"><figure class=\"swiper-slide-inner\"><img decoding=\"async\" class=\"swiper-slide-image\" src=\"https:\/\/www.censalins.g12.br\/wp-content\/uploads\/2025\/10\/thumb_163__edu-inf-09.jpg\" alt=\"thumb_163__edu-inf-09\" \/><\/figure><\/div><div class=\"swiper-slide\" role=\"group\" aria-roledescription=\"slide\" aria-label=\"7 de 10\"><figure class=\"swiper-slide-inner\"><img decoding=\"async\" class=\"swiper-slide-image\" src=\"https:\/\/www.censalins.g12.br\/wp-content\/uploads\/2025\/10\/thumb_0_0_edu-inf-10.jpg\" alt=\"thumb_0_0_edu-inf-10\" \/><\/figure><\/div><div class=\"swiper-slide\" role=\"group\" aria-roledescription=\"slide\" aria-label=\"8 de 10\"><figure class=\"swiper-slide-inner\"><img decoding=\"async\" class=\"swiper-slide-image\" src=\"https:\/\/www.censalins.g12.br\/wp-content\/uploads\/2025\/10\/thumb_163__edu-inf-01.jpg\" alt=\"thumb_163__edu-inf-01\" \/><\/figure><\/div><div class=\"swiper-slide\" role=\"group\" aria-roledescription=\"slide\" aria-label=\"9 de 10\"><figure class=\"swiper-slide-inner\"><img decoding=\"async\" class=\"swiper-slide-image\" src=\"https:\/\/www.censalins.g12.br\/wp-content\/uploads\/2025\/10\/thumb_163__edu-inf-02.jpg\" alt=\"thumb_163__edu-inf-02\" \/><\/figure><\/div><div class=\"swiper-slide\" role=\"group\" aria-roledescription=\"slide\" aria-label=\"10 de 10\"><figure class=\"swiper-slide-inner\"><img decoding=\"async\" class=\"swiper-slide-image\" src=\"https:\/\/www.censalins.g12.br\/wp-content\/uploads\/2025\/10\/thumb_163__edu-inf-03.jpg\" alt=\"thumb_163__edu-inf-03\" \/><\/figure><\/div>\t\t\t<\/div>\n\t\t\t\t\t\t\t\t\t\t\t\t<div class=\"elementor-swiper-button elementor-swiper-button-prev\" role=\"button\" tabindex=\"0\">\n\t\t\t\t\t\t<svg aria-hidden=\"true\" class=\"e-font-icon-svg e-eicon-chevron-left\" viewBox=\"0 0 1000 1000\" xmlns=\"http:\/\/www.w3.org\/2000\/svg\"><path d=\"M646 125C629 125 613 133 604 142L308 442C296 454 292 471 292 487 292 504 296 521 308 533L604 854C617 867 629 875 646 875 663 875 679 871 692 858 704 846 713 829 713 812 713 796 708 779 692 767L438 487 692 225C700 217 708 204 708 187 708 171 704 154 692 142 675 129 663 125 646 125Z\"><\/path><\/svg>\t\t\t\t\t<\/div>\n\t\t\t\t\t<div class=\"elementor-swiper-button elementor-swiper-button-next\" role=\"button\" tabindex=\"0\">\n\t\t\t\t\t\t<svg aria-hidden=\"true\" class=\"e-font-icon-svg e-eicon-chevron-right\" viewBox=\"0 0 1000 1000\" xmlns=\"http:\/\/www.w3.org\/2000\/svg\"><path d=\"M696 533C708 521 713 504 713 487 713 471 708 454 696 446L400 146C388 133 375 125 354 125 338 125 325 129 313 142 300 154 292 171 292 187 292 204 296 221 308 233L563 492 304 771C292 783 288 800 288 817 288 833 296 850 308 863 321 871 338 875 354 875 371 875 388 867 400 854L696 533Z\"><\/path><\/svg>\t\t\t\t\t<\/div>\n\t\t\t\t\n\t\t\t\t\t\t\t\t\t<div class=\"swiper-pagination\"><\/div>\n\t\t\t\t\t\t\t\t\t<\/div>\n\t\t\t\t\t\t<\/div>\n\t\t\t\t\t<\/div>\n\t\t\t\t<\/div>\n\t\t\t\t<\/div>\n\t\t","protected":false},"excerpt":{"rendered":"<p>Ensino Fundamental Descobrindo potenciais Nessa etapa do aprendizado, o CENSA incentiva a descobrir e experimentar o h\u00e1bito do \u201cfazer e pensar sobre\u201d.Os alunos vivem a Interdisciplinaridade e o trabalho cooperativo. [&hellip;]<\/p>\n","protected":false},"author":1,"featured_media":0,"parent":0,"menu_order":0,"comment_status":"closed","ping_status":"closed","template":"elementor_header_footer","meta":{"footnotes":""},"folder":[],"class_list":["post-346","page","type-page","status-publish","hentry"],"_links":{"self":[{"href":"https:\/\/www.censalins.g12.br\/index.php?rest_route=\/wp\/v2\/pages\/346","targetHints":{"allow":["GET"]}}],"collection":[{"href":"https:\/\/www.censalins.g12.br\/index.php?rest_route=\/wp\/v2\/pages"}],"about":[{"href":"https:\/\/www.censalins.g12.br\/index.php?rest_route=\/wp\/v2\/types\/page"}],"author":[{"embeddable":true,"href":"https:\/\/www.censalins.g12.br\/index.php?rest_route=\/wp\/v2\/users\/1"}],"replies":[{"embeddable":true,"href":"https:\/\/www.censalins.g12.br\/index.php?rest_route=%2Fwp%2Fv2%2Fcomments&post=346"}],"version-history":[{"count":7,"href":"https:\/\/www.censalins.g12.br\/index.php?rest_route=\/wp\/v2\/pages\/346\/revisions"}],"predecessor-version":[{"id":634,"href":"https:\/\/www.censalins.g12.br\/index.php?rest_route=\/wp\/v2\/pages\/346\/revisions\/634"}],"wp:attachment":[{"href":"https:\/\/www.censalins.g12.br\/index.php?rest_route=%2Fwp%2Fv2%2Fmedia&parent=346"}],"wp:term":[{"taxonomy":"folder","embeddable":true,"href":"https:\/\/www.censalins.g12.br\/index.php?rest_route=%2Fwp%2Fv2%2Ffolder&post=346"}],"curies":[{"name":"wp","href":"https:\/\/api.w.org\/{rel}","templated":true}]}}